e the prime factors of w?
3
Suppose -1310 = -3*v - 2*v. Let t = v + -126. List the prime factors of t.
2, 17
Suppose 0 = h + 3*h. Suppose h = -5*m - 5*v + v - 16, -5*v - 20 = 4*m. List the prime factors of (-2)/(4/(-66)) - m.
3, 11
Suppose -g + 3 = -0. List the prime factors of (-180)/6*(-3)/g.
2, 3, 5
Suppose 5*w + 78*d - 1940 = 81*d, 5*w = 5*d + 1930. List the prime factors of w.
17, 23
Let l(n) = 4*n**2 + 9*n + 9. Let d be l(-6). Suppose 2*u - 2*t = -6*t + 60, 2*t = 3*u - 90. Let x = d - u. List the prime factors of x.
3, 23
Let m(p) be the first derivative of 5*p**3/3 + p**2 + 3. Suppose -2*t + 19 = 4*u - 7*u, -4*u = 2*t + 16. What are the prime factors of m(t)?
2, 3
Let p be ((-15)/6)/(4/(-8)). Suppose -p*x + 128 = 28. List the prime factors of x.
2, 5
Let l be -9 + 4 - 121*-1. Suppose -u - 4*h = -l, 5*u - 277 = 2*h + 369. List the prime factors of u.
2
Let o = 1094 - 297. What are the prime factors of o?
797
Let c(d) = d + 6. Let w be c(-5). Let l(j) = -10*j**2 + 4*j - 6. Let b be l(4). List the prime factors of (0 - w)/(6/b).
5
Let w = -213 - -333. Suppose 3*c - 52 = -d, 2*c + w = -d + 3*d. What are the prime factors of d?
2, 29
Let k(w) = 14*w**2 - 20*w - 21. List the prime factors of k(-5).
3, 11, 13
Suppose -28*k - 28485 = -37*k. List the prime factors of k.
3, 5, 211
Let v = -280 + 390. What are the prime factors of v?
2, 5, 11
Suppose -j - 717 = -3*j - 5*g, -15 = -5*g. Let q = -525 + j. List the prime factors of q/(-12) - 1/(-2).
3, 5
Suppose 225 = 2*u - 2*w - 37, -5*u - 2*w = -627. Let v = 214 - u. What are the prime factors of v?
3, 29
Let p(w) = 55*w + 88. What are the prime factors of p(16)?
2, 11
Suppose -5*n - z + 32 = 0, 0*z + 5*z = -3*n + 6. Suppose -n*k + 5*k + 258 = 0. What are the prime factors of k?
3, 43
Suppose -6*q = -q + 25. Let j be (87 - q)*(0 + 2). What are the prime factors of 321/8 + (-23)/j?
2, 5
Let g(m) = -m**2 + 15*m + 4. Let y be g(15). Suppose 2*j = 3*c - 509, y*c - c - 523 = -5*j. List the prime factors of c.
3, 19
Suppose -661 = -25*c + 24*c. List the prime factors of c.
661
Let z be (-18 - -5)*-1*1. Let j = 16 - z. Suppose -3*l + 41 = j*k - k, -90 = -5*l + k. List the prime factors of l.
17
Let b(p) = -p**3 + 8*p**2 - 6*p + 4. Let o be b(7). Let v = 11 - o. Suppose v*z - z + 2 = 0. List the prime factors of z.
2
Let l(i) = -i**2 + 18*i - 30. Let p be 4/(-6) + 41/3. What are the prime factors of l(p)?
5, 7
Let p = -20 - -120. Let g = -5 - -6. What are the prime factors of 0 + p/4 + g?
2, 13
Suppose 0 = -5*b - 3*q + 13 + 2, 0 = b - 2*q - 3. Suppose 5*i - 187 = d + 2*d, 3*i + b*d - 117 = 0. What are the prime factors of i?
2, 19
Let q = 1812 + 1350. What are the prime factors of q?
2, 3, 17, 31
Suppose -3*r = -q - 21 - 38, -2*r - 2 = 0. Suppose -3*f - 5*i = 80, 0 = -5*f + 3*i - 2*i - 180. Let l = f - q. What are the prime factors of l?
3
Suppose 5*r = 14*r - 9657. List the prime factors of r.
29, 37
Let k(l) = -l**2 + 3*l + 1. Let n be k(3). Let q be -3 + n - (1 + -7). Suppose -2*p - 270 = -7*p - 4*z, q*p = z + 195. List the prime factors of p.
2, 5
Suppose -6*d + 149 = -169. Let q = 96 - d. List the prime factors of q.
43
Suppose j - 3 - 41 = 0. Let q = -36 + j. What are the prime factors of q?
2
Let u(h) = -549*h + 8. What are the prime factors of u(-10)?
2, 2749
Let a(n) = 6*n**2 + 3*n. Let h = 5 + -7. List the prime factors of a(h).
2, 3
Let a(n) = 4*n**3 - 2*n**2 - 15*n - 8. What are the prime factors of a(6)?
2, 347
Let f = -2 + 32. Suppose p + p - 10 = -s, 0 = 3*s - p - f. List the prime factors of 876/30 + (-2)/s.
29
Let n = 1822 + 2275. List the prime factors of n.
17, 241
Suppose 0 = n + 3*g - 10, -3*n - 2*g + 24 = g. Let s(q) = -1 - 10 + q + 3 - n*q. What are the prime factors of s(-11)?
2, 29
Let d(c) = 2*c**2 + 18*c + 54. List the prime factors of d(-12).
2, 3, 7
Suppose 3*j - 5*w = -4*w + 2111, -2*j + 5*w = -1429. List the prime factors of j.
2, 3, 13
Suppose -2416 = -2*l + 4*z, 2*z = 3*l + 396 - 4020. What are the prime factors of l?
2, 151
Suppose 1 + 19 = 4*a. Let v be (2 + 4)*(a - 4). List the prime factors of (-24)/(-3)*21/v.
2, 7
Let p(l) = -l + 7. Let g be p(5). List the prime factors of -3*1 - (2 - g - 27).
2, 3
Suppose -4*n - 1752 = -16*n. List the prime factors of n.
2, 73
Suppose 0 = 5*g - 7 + 2, 5*j - g = 164. Suppose -5*n - j = -113. What are the prime factors of n?
2
Suppose 0 = -45*d + 25*d + 56640. List the prime factors of d.
2, 3, 59
Let g be (-7)/(-4) + (-7)/(-28). Suppose g*x + 37 + 182 = 5*b, 110 = -x + 3*b. Let o = x + 150. What are the prime factors of o?
43
Suppose 0 = 2*x - 5*x + s + 14, -3*x = -3*s - 12. Suppose 0 = 2*k - 67 - 23. Suppose -x*r + k = -20. List the prime factors of r.
13
Suppose b + 4*m - 42 = 0, -m - 3 - 59 = -b. Let l be b/5 + (-6)/(-15). What are the prime factors of (-30 - 0)*l/(-30)?
2, 3
Let n(f) = -f + 13. Let k be n(6). Suppose 3 + k = 5*j. Suppose -255 = -5*w + o + 4*o, 0 = j*w + 4*o - 78. List the prime factors of w.
47
List the prime factors of (-1 - -2)*3 - -1054.
7, 151
Suppose -4*f = -3*f - 4*t - 152, -688 = -5*f - 4*t. List the prime factors of f.
2, 5, 7
Suppose -4*h + 1568 = 4*h. List the prime factors of h.
2, 7
Let b = -781 - -1153. List the prime factors of b.
2, 3, 31
Let i(v) = v**2 + 5*v - 3. Let k be i(-6). Let q(r) = -4*r + 2*r**2 - 22*r**3 + 23*r**k - 4*r**2. What are the prime factors of q(4)?
2
Suppose -5*i + 5*z - 25 = 0, 2*z - 6*z + 21 = -5*i. List the prime factors of 2/6*i + (-181)/(-3).
2, 3, 5
Let n(j) = -159*j - 528. What are the prime factors of n(-34)?
2, 3, 271
Suppose 0 = 2*q - 34 - 2996. What are the prime factors of q?
3, 5, 101
Suppose 5*r + 3*v + 10 = 21, 0 = -r + 3*v + 13. Let c be r/(-2) - (-1 - 19). What are the prime factors of c/1 - (9 + -8)?
17
List the prime factors of ((-8)/10*9)/(2/(-125)).
2, 3, 5
Let s = 802 + -568. What are the prime factors of s?
2, 3, 13
Let o(i) = -i + 7. Let d = -3 - -8. Let j be o(d). What are the prime factors of j/3 + 152/6?
2, 13
List the prime factors of (-2 + 8)/(-6 + 39700/6615).
3, 7
Suppose 5*v + 6 = -3*s, -6 = 2*s + s. Suppose -4*j + 247 - 59 = v. What are the prime factors of j?
47
Let l be 14 - (4 + (-3 - -3)). Let z(u) = -u**3 + 11*u**2 - 9*u + 5. List the prime factors of z(l).
3, 5
Suppose -4*c = 2*t - 556, -7*c + 2*t = -2*c - 686. Suppose -5*b + c = 2*i, 5*b = 2*i - 102 + 4. List the prime factors of i.
59
Let p(b) = -b + 1. Let c(m) = -m**2 + 10*m + 22. Let d(v) = c(v) - 4*p(v). Let o be d(15). Suppose o*x - 91 = 17. List the prime factors of x.
2, 3
Let g(z) = -z**3 - 7*z**2 + 14*z + 8. Let i be (-6)/((-12)/(-10)) - 4. What are the prime factors of g(i)?
2, 11
List the prime factors of (-1612 - -2)/((-73)/146).
2, 5, 7, 23
Suppose 0*v = 3*v. Suppose 4*h - 16 = -v. Suppose 5*q - 2 = h*q. List the prime factors of q.
2
Suppose -2*g + 83 = -35. List the prime factors of g.
59
Suppose -38*i - 3781 = -38665. List the prime factors of i.
2, 3, 17
Let a(k) = k**3 + 14*k**2 + 11*k + 3. Suppose 27*v + 13 = 26*v. Let y be a(v). Let n = y + -25. What are the prime factors of n?
2
What are the prime factors of (-6)/(-6) + 162 - 1?
2, 3
Let z = -4 - -1079. What are the prime factors of z?
5, 43
Let m(u) = -11*u**2 + 3*u - 2. Let p be m(1). Let f = 12 + p. Suppose 35 = -f*y + 3*y + 3*t, -2*t - 4 = 0. What are the prime factors of y?
41
Let s = -86 + 175. Suppose -91*b + s*b + 140 = 0. What are the prime factors of b?
2, 5, 7
Let p = 753 + -228. List the prime factors of p.
3, 5, 7
Let t(j) = 38*j + 8 - 37*j + 6. Let y be t(-10). Suppose y*s + 66 = 2*z, -3*z - 3*s = -0*z - 72. What are the prime factors of z?
3
Let z(i) = -i - 11. Let q be z(0). Let w = q + 29. List the prime factors of (-1*11)/((-9)/w).
2, 11
Suppose 6*t - 16 = 2*t. Suppose -t*k = -2*m + 156, -2*k = -4*m + k + 317. List the prime factors of m.
2, 5
Suppose -m = 2, 3*m - 54 = 3*d - 8*d. Suppose 3*f = -3*b - 2 - 1, 4*f = -d. List the prime factors of b/(-5) + 621/15.
41
Let r(p) = p**3 - 7*p**2 - 9*p - 78. What are the prime factors of r(12)?
2, 3, 89
List the prime factors of 879/(((-18)/(-4))/3).
2, 293
List the prime factors of (-4)/26 + (-6177)/(-13).
5, 19
Let y(j) = j**3 - 3*j**2 - 2. Let k be y(4). Let q = -129 + 147. Let b = k + q. List the prime factors of b.
2
Let j(k) be the second derivative